{"id":33,"date":"2013-11-11T19:50:38","date_gmt":"2013-11-11T19:50:38","guid":{"rendered":"http:\/\/rurallascolonias.com.ar\/?page_id=33"},"modified":"2017-07-15T13:49:49","modified_gmt":"2017-07-15T13:49:49","slug":"control-lechero","status":"publish","type":"page","link":"http:\/\/rurallascolonias.com.ar\/?page_id=33","title":{"rendered":"Control lechero"},"content":{"rendered":"<p>\u2022\u00a0\u00a0\u00a0\u00a0\u00a0\u00a0\u00a0 Control lechero o control de producci\u00f3n del ganado bovino: consiste en la medici\u00f3n de la leche producida individualmente por una vaca. Este se realiza mediante la visita peri\u00f3dico de un inspector a los tambos donde adem\u00e1s se recolectan datos de servicios, partos y nacimientos, toros padres y existencia de semen.<br \/>\nLa Soc. Rural de Las Colonias brinda este servicio desde fines de la d\u00e9cada del setenta y actualmente es una de las entidades con mayor cantidad de vacas en control del pa\u00eds. Es importante destacar que esta prestaci\u00f3n es la fundamental en la gama de servicios que brinda la instituci\u00f3n.<br \/>\nUn ejemplo es el control lechero que naci\u00f3 a principios de la d\u00e9cada de 1980, y que en estos d\u00edas se revaloriza el hecho de que no es casualidad que ALECOL este instalado en Esperanza, sino que es el fruto de la labor tesonera de la rural que lo logr\u00f3 con la firme convicci\u00f3n de lo que llegar\u00eda a representar en el futuro, sin dudas hoy un centro anal\u00edtico que es orgullo del centro santafesino.<br \/>\n\u2022\u00a0Registro de cr\u00edas: con los datos recolectados el d\u00eda de control lechero se tramita la inscripci\u00f3n de las hembras nacidas en el establecimiento. Estos datos se elevan a la Asociaci\u00f3n de Criadores de Holando Argentino (ACHA), que es la encargada de realizar la inscripci\u00f3n definitiva y emitir una ficha certificadora. El registro de cr\u00edas o RC equivale al ganado puro por cruza de otras asociaciones de criadores.<\/p>\n<p>&nbsp;<\/p>\n","protected":false},"excerpt":{"rendered":"<p>\u2022\u00a0\u00a0\u00a0\u00a0\u00a0\u00a0\u00a0 Control lechero o control de producci\u00f3n del ganado bovino: consiste en la medici\u00f3n de la leche producida individualmente por una vaca. Este se realiza mediante la visita peri\u00f3dico de un inspector a los tambos donde adem\u00e1s se recolectan datos de servicios, partos y nacimientos, toros padres y existencia de semen. La Soc. Rural de [&hellip;]<\/p>\n","protected":false},"author":1,"featured_media":0,"parent":0,"menu_order":0,"comment_status":"closed","ping_status":"closed","template":"","meta":[],"_links":{"self":[{"href":"http:\/\/rurallascolonias.com.ar\/index.php?rest_route=\/wp\/v2\/pages\/33"}],"collection":[{"href":"http:\/\/rurallascolonias.com.ar\/index.php?rest_route=\/wp\/v2\/pages"}],"about":[{"href":"http:\/\/rurallascolonias.com.ar\/index.php?rest_route=\/wp\/v2\/types\/page"}],"author":[{"embeddable":true,"href":"http:\/\/rurallascolonias.com.ar\/index.php?rest_route=\/wp\/v2\/users\/1"}],"replies":[{"embeddable":true,"href":"http:\/\/rurallascolonias.com.ar\/index.php?rest_route=%2Fwp%2Fv2%2Fcomments&post=33"}],"version-history":[{"count":4,"href":"http:\/\/rurallascolonias.com.ar\/index.php?rest_route=\/wp\/v2\/pages\/33\/revisions"}],"predecessor-version":[{"id":14850,"href":"http:\/\/rurallascolonias.com.ar\/index.php?rest_route=\/wp\/v2\/pages\/33\/revisions\/14850"}],"wp:attachment":[{"href":"http:\/\/rurallascolonias.com.ar\/index.php?rest_route=%2Fwp%2Fv2%2Fmedia&parent=33"}],"curies":[{"name":"wp","href":"https:\/\/api.w.org\/{rel}","templated":true}]}}