{"id":21,"date":"2013-11-11T19:48:37","date_gmt":"2013-11-11T19:48:37","guid":{"rendered":"http:\/\/rurallascolonias.com.ar\/?page_id=21"},"modified":"2013-11-12T22:39:55","modified_gmt":"2013-11-12T22:39:55","slug":"historia","status":"publish","type":"page","link":"http:\/\/rurallascolonias.com.ar\/?page_id=21","title":{"rendered":"Historia"},"content":{"rendered":"<p>La Soc. Rural de Las Colonias nace a la luz de la defensa gremial del sector agropecuario el 8 de mayo de 1944 a trav\u00e9s de la inquietud del entonces titular de la Confederaci\u00f3n de Asociaciones Rurales del Centro y Litoral Oeste (CARCLO), Don N\u00e9stor Sambarino, el cual, con sus actitudes y gestos, finalmente logr\u00f3 que en el marco de una reuni\u00f3n realizada en la Municipalidad de Esperanza, el mismo d\u00eda y a\u00f1o citado, se constituyera la primera Comisi\u00f3n Directiva. La primera presidencia fue ejercida por Don Pio Jacinto Guala, acompa\u00f1ado por Augusto P. Weber, como vicepresidente, el Dr. Daniel Alonso Vionnet, como secretario, Seraf\u00edn Mijno, prosecretario, el Dr. Mario Mahieu, tesorero; Norberto E. Schneider, protesorero, y los vocales, Miguel Milesi, Emilio Reutemann, Alfredo Mayor\u00e1z, Nilo Cavallero, Francisco Pautasso, Lu\u00eds Defagot, Victorio Bertero, Eduardo Tsch\u00e1ggeny, Felipe Bauer y Ju\u00e1n Bieler. Su historia comenz\u00f3 a escribirse r\u00e1pidamente de la mano creativa de sus dirigentes, los cuales, comisi\u00f3n tras comisi\u00f3n, abrieron las puertas a nuevos rumbos. En julio del a\u00f1o 1950 se inauguran las instalaciones ferias sobre la ruta nacional 168 (hoy ruta provincial 70), a unos 7 km al oeste desde el centro de la ciudad, en un predio de unas 16 ha. Por la importancia de las obras fue un episodio que no pas\u00f3 desapercibido. Luego se sucedieron m\u00e1s acontecimientos, que, uno a uno, jalonaron el prestigio del cual hoy disfruta esta casa. A finales de julio de 2004 se inauguran las nuevas dependencias de la actual sede central, intersecci\u00f3n de las calles 25 de Mayo y Moreno<\/p>\n","protected":false},"excerpt":{"rendered":"<p>La Soc. Rural de Las Colonias nace a la luz de la defensa gremial del sector agropecuario el 8 de mayo de 1944 a trav\u00e9s de la inquietud del entonces titular de la Confederaci\u00f3n de Asociaciones Rurales del Centro y Litoral Oeste (CARCLO), Don N\u00e9stor Sambarino, el cual, con sus actitudes y gestos, finalmente logr\u00f3 [&hellip;]<\/p>\n","protected":false},"author":1,"featured_media":0,"parent":0,"menu_order":0,"comment_status":"closed","ping_status":"closed","template":"","meta":[],"_links":{"self":[{"href":"http:\/\/rurallascolonias.com.ar\/index.php?rest_route=\/wp\/v2\/pages\/21"}],"collection":[{"href":"http:\/\/rurallascolonias.com.ar\/index.php?rest_route=\/wp\/v2\/pages"}],"about":[{"href":"http:\/\/rurallascolonias.com.ar\/index.php?rest_route=\/wp\/v2\/types\/page"}],"author":[{"embeddable":true,"href":"http:\/\/rurallascolonias.com.ar\/index.php?rest_route=\/wp\/v2\/users\/1"}],"replies":[{"embeddable":true,"href":"http:\/\/rurallascolonias.com.ar\/index.php?rest_route=%2Fwp%2Fv2%2Fcomments&post=21"}],"version-history":[{"count":3,"href":"http:\/\/rurallascolonias.com.ar\/index.php?rest_route=\/wp\/v2\/pages\/21\/revisions"}],"predecessor-version":[{"id":59,"href":"http:\/\/rurallascolonias.com.ar\/index.php?rest_route=\/wp\/v2\/pages\/21\/revisions\/59"}],"wp:attachment":[{"href":"http:\/\/rurallascolonias.com.ar\/index.php?rest_route=%2Fwp%2Fv2%2Fmedia&parent=21"}],"curies":[{"name":"wp","href":"https:\/\/api.w.org\/{rel}","templated":true}]}}