{"id":3384,"date":"2014-07-23T18:25:03","date_gmt":"2014-07-23T18:25:03","guid":{"rendered":"http:\/\/rurallascolonias.com.ar\/wp-content\/uploads\/2014\/07\/cosecha-de-ma\u00edz-tard\u00edo.jpg"},"modified":"2014-07-23T18:25:03","modified_gmt":"2014-07-23T18:25:03","slug":"cosecha-de-maiz-tardio","status":"inherit","type":"attachment","link":"http:\/\/rurallascolonias.com.ar\/?attachment_id=3384","title":{"rendered":"cosecha de ma\u00edz tard\u00edo"},"author":5,"comment_status":"open","ping_status":"open","template":"","meta":[],"description":{"rendered":"<p class=\"attachment\"><a href='http:\/\/rurallascolonias.com.ar\/wp-content\/uploads\/2014\/07\/cosecha-de-ma\u00edz-tard\u00edo.jpg'><img width=\"275\" height=\"183\" src=\"http:\/\/rurallascolonias.com.ar\/wp-content\/uploads\/2014\/07\/cosecha-de-ma\u00edz-tard\u00edo.jpg\" class=\"attachment-medium size-medium\" alt=\"\" loading=\"lazy\" \/><\/a><\/p>\n"},"caption":{"rendered":""},"alt_text":"","media_type":"image","mime_type":"image\/jpeg","media_details":{"width":275,"height":183,"file":"2014\/07\/cosecha-de-ma\u00edz-tard\u00edo.jpg","sizes":{"thumbnail":{"file":"cosecha-de-ma\u00edz-tard\u00edo-150x150.jpg","width":150,"height":150,"mime_type":"image\/jpeg","source_url":"http:\/\/rurallascolonias.com.ar\/wp-content\/uploads\/2014\/07\/cosecha-de-ma\u00edz-tard\u00edo-150x150.jpg"},"full":{"file":"cosecha-de-ma\u00edz-tard\u00edo.jpg","width":275,"height":183,"mime_type":"image\/jpeg","source_url":"http:\/\/rurallascolonias.com.ar\/wp-content\/uploads\/2014\/07\/cosecha-de-ma\u00edz-tard\u00edo.jpg"}},"image_meta":{"aperture":0,"credit":"","camera":"","caption":"","created_timestamp":0,"copyright":"","focal_length":0,"iso":0,"shutter_speed":0,"title":""}},"post":3383,"source_url":"http:\/\/rurallascolonias.com.ar\/wp-content\/uploads\/2014\/07\/cosecha-de-ma\u00edz-tard\u00edo.jpg","_links":{"self":[{"href":"http:\/\/rurallascolonias.com.ar\/index.php?rest_route=\/wp\/v2\/media\/3384"}],"collection":[{"href":"http:\/\/rurallascolonias.com.ar\/index.php?rest_route=\/wp\/v2\/media"}],"about":[{"href":"http:\/\/rurallascolonias.com.ar\/index.php?rest_route=\/wp\/v2\/types\/attachment"}],"author":[{"embeddable":true,"href":"http:\/\/rurallascolonias.com.ar\/index.php?rest_route=\/wp\/v2\/users\/5"}],"replies":[{"embeddable":true,"href":"http:\/\/rurallascolonias.com.ar\/index.php?rest_route=%2Fwp%2Fv2%2Fcomments&post=3384"}]}}

http://rurallascolonias.com.ar/wp-content/uploads/2014/07/cosecha-de-maíz-tardío.jpg

cosecha de maíz tardío

<p class="attachment"><a href='http://rurallascolonias.com.ar/wp-content/uploads/2014/07/cosecha-de-maíz-tardío.jpg'><img width="275" height="183" src="http://rurallascolonias.com.ar/wp-content/uploads/2014/07/cosecha-de-maíz-tardío.jpg" class="attachment-medium size-medium" alt="" loading="lazy" /></a></p>

2014/07/cosecha-de-maíz-tardío.jpg

cosecha-de-maíz-tardío-150x150.jpg

http://rurallascolonias.com.ar/wp-content/uploads/2014/07/cosecha-de-maíz-tardío-150x150.jpg

cosecha-de-maíz-tardío.jpg
