{"id":19002,"date":"2020-08-04T13:05:17","date_gmt":"2020-08-04T13:05:17","guid":{"rendered":"http:\/\/rurallascolonias.com.ar\/wp-content\/uploads\/2020\/08\/El-Gobierno-dio-marcha-atr\u00e1s-y-no-se-modificar\u00e1-el-IVA-a-la-leche.jpg"},"modified":"2020-08-04T13:05:17","modified_gmt":"2020-08-04T13:05:17","slug":"el-gobierno-dio-marcha-atras-y-no-se-modificara-el-iva-a-la-leche","status":"inherit","type":"attachment","link":"http:\/\/rurallascolonias.com.ar\/?attachment_id=19002","title":{"rendered":"El-Gobierno-dio-marcha-atr\u00e1s-y-no-se-modificar\u00e1-el-IVA-a-la-leche"},"author":5,"comment_status":"open","ping_status":"closed","template":"","meta":[],"description":{"rendered":"<p class=\"attachment\"><a href='http:\/\/rurallascolonias.com.ar\/wp-content\/uploads\/2020\/08\/El-Gobierno-dio-marcha-atr\u00e1s-y-no-se-modificar\u00e1-el-IVA-a-la-leche.jpg'><img width=\"300\" height=\"169\" src=\"http:\/\/rurallascolonias.com.ar\/wp-content\/uploads\/2020\/08\/El-Gobierno-dio-marcha-atr\u00e1s-y-no-se-modificar\u00e1-el-IVA-a-la-leche-300x169.jpg\" class=\"attachment-medium size-medium\" alt=\"\" loading=\"lazy\" srcset=\"http:\/\/rurallascolonias.com.ar\/wp-content\/uploads\/2020\/08\/El-Gobierno-dio-marcha-atr\u00e1s-y-no-se-modificar\u00e1-el-IVA-a-la-leche-300x169.jpg 300w, http:\/\/rurallascolonias.com.ar\/wp-content\/uploads\/2020\/08\/El-Gobierno-dio-marcha-atr\u00e1s-y-no-se-modificar\u00e1-el-IVA-a-la-leche.jpg 768w, http:\/\/rurallascolonias.com.ar\/wp-content\/uploads\/2020\/08\/El-Gobierno-dio-marcha-atr\u00e1s-y-no-se-modificar\u00e1-el-IVA-a-la-leche-600x338.jpg 600w, http:\/\/rurallascolonias.com.ar\/wp-content\/uploads\/2020\/08\/El-Gobierno-dio-marcha-atr\u00e1s-y-no-se-modificar\u00e1-el-IVA-a-la-leche-624x351.jpg 624w\" sizes=\"(max-width: 300px) 100vw, 300px\" \/><\/a><\/p>\n"},"caption":{"rendered":""},"alt_text":"","media_type":"image","mime_type":"image\/jpeg","media_details":{"width":768,"height":432,"file":"2020\/08\/El-Gobierno-dio-marcha-atr\u00e1s-y-no-se-modificar\u00e1-el-IVA-a-la-leche.jpg","sizes":{"thumbnail":{"file":"El-Gobierno-dio-marcha-atr\u00e1s-y-no-se-modificar\u00e1-el-IVA-a-la-leche-150x150.jpg","width":150,"height":150,"mime_type":"image\/jpeg","source_url":"http:\/\/rurallascolonias.com.ar\/wp-content\/uploads\/2020\/08\/El-Gobierno-dio-marcha-atr\u00e1s-y-no-se-modificar\u00e1-el-IVA-a-la-leche-150x150.jpg"},"medium":{"file":"El-Gobierno-dio-marcha-atr\u00e1s-y-no-se-modificar\u00e1-el-IVA-a-la-leche-300x169.jpg","width":300,"height":169,"mime_type":"image\/jpeg","source_url":"http:\/\/rurallascolonias.com.ar\/wp-content\/uploads\/2020\/08\/El-Gobierno-dio-marcha-atr\u00e1s-y-no-se-modificar\u00e1-el-IVA-a-la-leche-300x169.jpg"},"medium_large":{"file":"El-Gobierno-dio-marcha-atr\u00e1s-y-no-se-modificar\u00e1-el-IVA-a-la-leche-768x432.jpg","width":768,"height":432,"mime_type":"image\/jpeg","source_url":"http:\/\/rurallascolonias.com.ar\/wp-content\/uploads\/2020\/08\/El-Gobierno-dio-marcha-atr\u00e1s-y-no-se-modificar\u00e1-el-IVA-a-la-leche-768x432.jpg"},"wysija-newsletters-max":{"file":"El-Gobierno-dio-marcha-atr\u00e1s-y-no-se-modificar\u00e1-el-IVA-a-la-leche-600x338.jpg","width":600,"height":338,"mime_type":"image\/jpeg","source_url":"http:\/\/rurallascolonias.com.ar\/wp-content\/uploads\/2020\/08\/El-Gobierno-dio-marcha-atr\u00e1s-y-no-se-modificar\u00e1-el-IVA-a-la-leche-600x338.jpg"},"post-thumbnail":{"file":"El-Gobierno-dio-marcha-atr\u00e1s-y-no-se-modificar\u00e1-el-IVA-a-la-leche-624x351.jpg","width":624,"height":351,"mime_type":"image\/jpeg","source_url":"http:\/\/rurallascolonias.com.ar\/wp-content\/uploads\/2020\/08\/El-Gobierno-dio-marcha-atr\u00e1s-y-no-se-modificar\u00e1-el-IVA-a-la-leche-624x351.jpg"},"full":{"file":"El-Gobierno-dio-marcha-atr\u00e1s-y-no-se-modificar\u00e1-el-IVA-a-la-leche.jpg","width":768,"height":432,"mime_type":"image\/jpeg","source_url":"http:\/\/rurallascolonias.com.ar\/wp-content\/uploads\/2020\/08\/El-Gobierno-dio-marcha-atr\u00e1s-y-no-se-modificar\u00e1-el-IVA-a-la-leche.jpg"}},"image_meta":{"aperture":"0","credit":"","camera":"","caption":"","created_timestamp":"0","copyright":"","focal_length":"0","iso":"0","shutter_speed":"0","title":"","orientation":"0","keywords":[]}},"post":19001,"source_url":"http:\/\/rurallascolonias.com.ar\/wp-content\/uploads\/2020\/08\/El-Gobierno-dio-marcha-atr\u00e1s-y-no-se-modificar\u00e1-el-IVA-a-la-leche.jpg","_links":{"self":[{"href":"http:\/\/rurallascolonias.com.ar\/index.php?rest_route=\/wp\/v2\/media\/19002"}],"collection":[{"href":"http:\/\/rurallascolonias.com.ar\/index.php?rest_route=\/wp\/v2\/media"}],"about":[{"href":"http:\/\/rurallascolonias.com.ar\/index.php?rest_route=\/wp\/v2\/types\/attachment"}],"author":[{"embeddable":true,"href":"http:\/\/rurallascolonias.com.ar\/index.php?rest_route=\/wp\/v2\/users\/5"}],"replies":[{"embeddable":true,"href":"http:\/\/rurallascolonias.com.ar\/index.php?rest_route=%2Fwp%2Fv2%2Fcomments&post=19002"}]}}

http://rurallascolonias.com.ar/wp-content/uploads/2020/08/El-Gobierno-dio-marcha-atrás-y-no-se-modificará-el-IVA-a-la-leche.jpg

El-Gobierno-dio-marcha-atrás-y-no-se-modificará-el-IVA-a-la-leche

<p class="attachment"><a href='http://rurallascolonias.com.ar/wp-content/uploads/2020/08/El-Gobierno-dio-marcha-atrás-y-no-se-modificará-el-IVA-a-la-leche.jpg'><img width="300" height="169" src="http://rurallascolonias.com.ar/wp-content/uploads/2020/08/El-Gobierno-dio-marcha-atrás-y-no-se-modificará-el-IVA-a-la-leche-300x169.jpg" class="attachment-medium size-medium" alt="" loading="lazy" srcset="http://rurallascolonias.com.ar/wp-content/uploads/2020/08/El-Gobierno-dio-marcha-atrás-y-no-se-modificará-el-IVA-a-la-leche-300x169.jpg 300w, http://rurallascolonias.com.ar/wp-content/uploads/2020/08/El-Gobierno-dio-marcha-atrás-y-no-se-modificará-el-IVA-a-la-leche.jpg 768w, http://rurallascolonias.com.ar/wp-content/uploads/2020/08/El-Gobierno-dio-marcha-atrás-y-no-se-modificará-el-IVA-a-la-leche-600x338.jpg 600w, http://rurallascolonias.com.ar/wp-content/uploads/2020/08/El-Gobierno-dio-marcha-atrás-y-no-se-modificará-el-IVA-a-la-leche-624x351.jpg 624w" sizes="(max-width: 300px) 100vw, 300px" /></a></p>

2020/08/El-Gobierno-dio-marcha-atrás-y-no-se-modificará-el-IVA-a-la-leche.jpg

El-Gobierno-dio-marcha-atrás-y-no-se-modificará-el-IVA-a-la-leche-150x150.jpg

http://rurallascolonias.com.ar/wp-content/uploads/2020/08/El-Gobierno-dio-marcha-atrás-y-no-se-modificará-el-IVA-a-la-leche-150x150.jpg

El-Gobierno-dio-marcha-atrás-y-no-se-modificará-el-IVA-a-la-leche-300x169.jpg

http://rurallascolonias.com.ar/wp-content/uploads/2020/08/El-Gobierno-dio-marcha-atrás-y-no-se-modificará-el-IVA-a-la-leche-300x169.jpg

El-Gobierno-dio-marcha-atrás-y-no-se-modificará-el-IVA-a-la-leche-768x432.jpg

http://rurallascolonias.com.ar/wp-content/uploads/2020/08/El-Gobierno-dio-marcha-atrás-y-no-se-modificará-el-IVA-a-la-leche-768x432.jpg

El-Gobierno-dio-marcha-atrás-y-no-se-modificará-el-IVA-a-la-leche-600x338.jpg

http://rurallascolonias.com.ar/wp-content/uploads/2020/08/El-Gobierno-dio-marcha-atrás-y-no-se-modificará-el-IVA-a-la-leche-600x338.jpg

El-Gobierno-dio-marcha-atrás-y-no-se-modificará-el-IVA-a-la-leche-624x351.jpg

http://rurallascolonias.com.ar/wp-content/uploads/2020/08/El-Gobierno-dio-marcha-atrás-y-no-se-modificará-el-IVA-a-la-leche-624x351.jpg

El-Gobierno-dio-marcha-atrás-y-no-se-modificará-el-IVA-a-la-leche.jpg
